{"id":9764,"date":"2026-03-26T15:17:34","date_gmt":"2026-03-26T14:17:34","guid":{"rendered":"https:\/\/adeochrono.fr\/?page_id=9764"},"modified":"2026-03-26T15:34:41","modified_gmt":"2026-03-26T14:34:41","slug":"les-foulees-imperiales-resultats-2026","status":"publish","type":"page","link":"https:\/\/adeochrono.fr\/index.php\/les-foulees-imperiales-resultats-2026\/","title":{"rendered":"Les Foul\u00e9es Imp\u00e9riales &#8211; R\u00e9sultats 2026"},"content":{"rendered":"    <div class=\"adeoinfo-card\" style=\"display: flex; background: #fff; border-radius: 10px; box-shadow: 0 3px 10px rgba(0,0,0,0.08); overflow: hidden; margin: 15px auto; max-width: 750px; border: 1px solid #eee; min-height:160px; font-family: sans-serif;\">\n        <div class=\"adeoinfo-image\" style=\"flex: 0 0 220px; background: #f9f9f9; display: flex; align-items: center; justify-content: center;\">\n            <img decoding=\"async\" src=\"http:\/\/adeochrono.fr\/wp-content\/uploads\/2025\/10\/Affiche-Foulees-imperiales-Compiegne-700x900-1.jpg\" style=\"width: 100%; height: 100%; object-fit: contain; padding: 15px;\">        <\/div>\n        <div class=\"adeoinfo-details\" style=\"padding: 20px; flex: 1; display: flex; flex-direction: column; justify-content: center;\">\n            <h2 style=\"margin: 0 0 10px 0; color: #333; font-size: 20px; border-bottom: 2px solid #ff4b2b; padding-bottom: 5px; font-weight: 700;\">Les Foul\u00e9es Imp\u00e9riales<\/h2>\n            <div style=\"display: grid; grid-template-columns: repeat(auto-fit, minmax(130px, 1fr)); gap: 12px;\">\n                <div><small style=\"color:#ff4b2b; font-weight:bold; display:block; text-transform:uppercase; font-size:11px; letter-spacing:0.3px;\">Date<\/small><span style=\"font-size:14px; font-weight:600;\">29\/03\/2026<\/span><\/div>\n                <div><small style=\"color:#ff4b2b; font-weight:bold; display:block; text-transform:uppercase; font-size:11px; letter-spacing:0.3px;\">Arriv\u00e9s<\/small><span style=\"font-size:14px; font-weight:600;\">1097<\/span>\n                    <div style=\"margin-top:5px; display:flex; gap:12px; align-items:center;\"><span style=\"font-size:18px; color:#0073aa;\">\u2642 <strong style=\"font-size:13px;\">58%<\/strong><\/span><span style=\"font-size:18px; color:#d63384;\">\u2640 <strong style=\"font-size:13px;\">42%<\/strong><\/span><\/div>\n                <\/div>\n                <div><small style=\"color:#ff4b2b; font-weight:bold; display:block; text-transform:uppercase; font-size:11px;\">Lieu<\/small><span style=\"font-size:14px; font-weight:600;\">COMPIEGNE<\/span><\/div>            <\/div>\n        <\/div>\n    <\/div>\n    <style>@media (max-width: 600px) { .adeoinfo-card { flex-direction: column !important; } .adeoinfo-image { flex: 0 0 120px !important; background: #fff !important; } .adeoinfo-image img { max-height: 100px !important; width: auto !important; padding: 10px !important; } .adeoinfo-details { padding: 15px !important; } }<\/style>\n    \n\n\n\n<div class=\"adeogrid\">\n        <div class=\"adeocard\">\n        <div class=\"adeopodium-container\">\n            <div class=\"step second\"><div class=\"step-label\"><span class=\"runner-name\">Yoann Violon<\/span><span class=\"trophy\">\ud83c\udfc6<\/span><\/div><div class=\"rank-num\">2<\/div><\/div>\n            <div class=\"step first\"><div class=\"step-label\"><span class=\"runner-name\">Valentin Ornon<\/span><span class=\"trophy\">\ud83c\udfc6<\/span><\/div><div class=\"rank-num\">1<\/div><\/div>\n            <div class=\"step third\"><div class=\"step-label\"><span class=\"runner-name\">Norick Hyvert<\/span><span class=\"trophy\">\ud83c\udfc6<\/span><\/div><div class=\"rank-num\">3<\/div><\/div>\n        <\/div>\n        <h2>10Km<\/h2>\n        <p style=\"color:#666; font-weight:600; margin-bottom:15px;\">\ud83c\udfc3 1099 finishers<\/p>\n        <a href=\"https:\/\/adeochrono.fr\/index.php\/2026-resultats-10km-foulees-imperiales\/\" class=\"adeobtn\">Classement Complet<\/a>\n    <\/div>\n    \n","protected":false},"excerpt":{"rendered":"","protected":false},"author":1,"featured_media":0,"parent":0,"menu_order":0,"comment_status":"closed","ping_status":"closed","template":"","meta":{"footnotes":""},"class_list":["post-9764","page","type-page","status-publish","hentry"],"_links":{"self":[{"href":"https:\/\/adeochrono.fr\/index.php\/wp-json\/wp\/v2\/pages\/9764","targetHints":{"allow":["GET"]}}],"collection":[{"href":"https:\/\/adeochrono.fr\/index.php\/wp-json\/wp\/v2\/pages"}],"about":[{"href":"https:\/\/adeochrono.fr\/index.php\/wp-json\/wp\/v2\/types\/page"}],"author":[{"embeddable":true,"href":"https:\/\/adeochrono.fr\/index.php\/wp-json\/wp\/v2\/users\/1"}],"replies":[{"embeddable":true,"href":"https:\/\/adeochrono.fr\/index.php\/wp-json\/wp\/v2\/comments?post=9764"}],"version-history":[{"count":3,"href":"https:\/\/adeochrono.fr\/index.php\/wp-json\/wp\/v2\/pages\/9764\/revisions"}],"predecessor-version":[{"id":9773,"href":"https:\/\/adeochrono.fr\/index.php\/wp-json\/wp\/v2\/pages\/9764\/revisions\/9773"}],"wp:attachment":[{"href":"https:\/\/adeochrono.fr\/index.php\/wp-json\/wp\/v2\/media?parent=9764"}],"curies":[{"name":"wp","href":"https:\/\/api.w.org\/{rel}","templated":true}]}}