{"id":932,"date":"2023-11-12T15:33:58","date_gmt":"2023-11-12T14:33:58","guid":{"rendered":"https:\/\/adeochrono.fr\/?page_id=932"},"modified":"2025-02-23T00:18:11","modified_gmt":"2025-02-22T23:18:11","slug":"mentions-legales","status":"publish","type":"page","link":"https:\/\/adeochrono.fr\/index.php\/mentions-legales\/","title":{"rendered":"Mentions l\u00e9gales"},"content":{"rendered":"\n<h2 class=\"wp-block-heading has-text-align-center\">Mentions l\u00e9gales<\/h2>\n\n\n\n<div style=\"height:44px\" aria-hidden=\"true\" class=\"wp-block-spacer\"><\/div>\n\n\n\n<p><strong>Conditions g\u00e9n\u00e9rales d\u2019utilisation du site et des services propos\u00e9s<\/strong><\/p>\n\n\n\n<p>Le site&nbsp;adeochrono.fr&nbsp;en accord avec les organisateurs a pour objet d&rsquo;annoncer et faire la promotion des manifestations \u00e0 venir, fournir des informations aussi pr\u00e9cises que possible mais ne pourra toutefois \u00eatre tenu responsable d&rsquo;omissions, d&rsquo;inexactitudes du fait des tiers partenaires fournissant ces informations.<\/p>\n\n\n\n<p>Toutes les informations publi\u00e9es&nbsp;sont donn\u00e9es \u00e0 titre indicatif, et sont susceptibles d\u2019\u00e9voluer. Les renseignements y figurant sont donn\u00e9s sous r\u00e9serve de modifications ayant \u00e9t\u00e9 apport\u00e9es depuis leurs mises en ligne.<\/p>\n\n\n\n<p>Le site&nbsp;adeochrono.fr affiche les r\u00e9sultats des \u00e9v\u00e9nements chronom\u00e9tr\u00e9s par la soci\u00e9t\u00e9 sur son site internet. Vous disposez d&rsquo;un droit d&rsquo;acc\u00e8s, de rectification et de suppression des donn\u00e9es affich\u00e9es sur les classements sur simple demande via le formulaire de contact.<\/p>\n\n\n\n<p>Pour l&rsquo;ensemble des \u00e9v\u00e8nements d\u00e9clar\u00e9s par les organisateurs aupr\u00e8s de la F\u00e9d\u00e9ration Fran\u00e7aise d&rsquo;Athl\u00e9tisme, ADEOCHRONO transmet \u00e0 ces derniers les r\u00e9sultats.<\/p>\n\n\n\n<p>Le site&nbsp;adeochrono.fr propose une gamme vari\u00e9e de troph\u00e9es multisports \u00e0 travers un catalogue consultable en ligne et t\u00e9l\u00e9chargeable localement. <\/p>\n\n\n\n<div style=\"height:44px\" aria-hidden=\"true\" class=\"wp-block-spacer\"><\/div>\n\n\n\n<p><strong>Gestion des donn\u00e9es personnelles<\/strong><\/p>\n\n\n\n<p>Les informations personnelles relatives \u00e0 l&rsquo;utilisateur ne sont collect\u00e9es que pour le besoin des services propos\u00e9s par le site adeochrono.fr. L&rsquo;utilisateur fournit ces informations en toute connaissance de cause, notamment lorsqu&rsquo;il proc\u00e8de par lui-m\u00eame \u00e0 leur saisie.<\/p>\n\n\n\n<p>Tout utilisateur dispose d\u2019un droit d\u2019acc\u00e8s, de rectification et d\u2019opposition aux donn\u00e9es personnelles le concernant, en effectuant sa demande \u00e9crite et sign\u00e9e, accompagn\u00e9e d\u2019une copie du titre d\u2019identit\u00e9 avec signature du titulaire de la pi\u00e8ce, en pr\u00e9cisant l\u2019adresse \u00e0 laquelle la r\u00e9ponse doit \u00eatre envoy\u00e9e.<\/p>\n\n\n\n<p>Aucune information personnelle de l&rsquo;utilisateur n&rsquo;est publi\u00e9e \u00e0 l&rsquo;insu de l&rsquo;utilisateur, \u00e9chang\u00e9e, transf\u00e9r\u00e9e, c\u00e9d\u00e9e ou vendue sur un support quelconque \u00e0 des tiers. <\/p>\n\n\n\n<div style=\"height:44px\" aria-hidden=\"true\" class=\"wp-block-spacer\"><\/div>\n\n\n\n<p><strong>Propri\u00e9t\u00e9 intellectuelle et contrefa\u00e7ons<\/strong><\/p>\n\n\n\n<p>Toute reproduction, repr\u00e9sentation, modification, publication, adaptation de tout ou partie des \u00e9l\u00e9ments du site, quel que soit le moyen ou le proc\u00e9d\u00e9 utilis\u00e9, est interdite.<\/p>\n\n\n\n<p>Toute exploitation non autoris\u00e9e du site ou d\u2019un quelconque \u00e9l\u00e9ment qu\u2019il contient sera consid\u00e9r\u00e9e comme constitutive d\u2019une contrefa\u00e7on et poursuivie conform\u00e9ment aux dispositions des articles correspondants du Code de Propri\u00e9t\u00e9 Intellectuelle.<\/p>\n\n\n\n<div style=\"height:44px\" aria-hidden=\"true\" class=\"wp-block-spacer\"><\/div>\n\n\n\n<p><strong>Limites de responsabilit\u00e9<\/strong><\/p>\n\n\n\n<p>Le site&nbsp;adeochrono.fr&nbsp;contient un certain nombre de liens hypertextes vers d\u2019autres sites. Cependant ADEOCHRONO n\u2019a pas la possibilit\u00e9 de v\u00e9rifier le contenu des sites ainsi visit\u00e9s, et n\u2019assumera en cons\u00e9quence aucune responsabilit\u00e9 de ce fait.<\/p>\n\n\n\n<p>La navigation sur le site&nbsp;adeochrono.fr&nbsp;est susceptible de provoquer l\u2019installation de cookies sur l\u2019ordinateur de l\u2019utilisateur. Un cookie est un fichier de petite taille, qui ne permet pas l\u2019identification de l\u2019utilisateur, mais qui enregistre des informations relatives \u00e0 la navigation d\u2019un ordinateur sur un site. Les donn\u00e9es ainsi obtenues visent \u00e0 faciliter la navigation ult\u00e9rieure sur le site, et ont \u00e9galement vocation \u00e0 permettre diverses mesures de fr\u00e9quentation.<\/p>\n\n\n\n<p>L\u2019utilisateur peut toutefois configurer son navigateur web pour refuser l\u2019installation des cookies.<\/p>\n\n\n\n<p>ADEOCHRONO ne pourra \u00eatre tenue responsable des dommages caus\u00e9s au mat\u00e9riel de l\u2019utilisateur, lors de son acc\u00e8s au site adeochrono.fr&nbsp;r\u00e9sultant soit de l\u2019utilisation d\u2019un mat\u00e9riel non adapt\u00e9 soit \u00e0 cause d\u2019un bug ou d\u2019une incompatibilit\u00e9.<\/p>\n\n\n\n<p>ADEOCHRONO se r\u00e9serve la possibilit\u00e9 de mettre en cause la responsabilit\u00e9 civile et\/ou p\u00e9nale de l\u2019utilisateur, notamment en cas de message \u00e0 caract\u00e8re raciste, injurieux, diffamant, ou pornographique, quel que soit le support utilis\u00e9.<\/p>\n\n\n\n<p>Tout litige en relation avec l\u2019utilisation du site&nbsp;adeochrono.fr&nbsp;est soumis au droit fran\u00e7ais. Il est fait attribution exclusive de juridiction aux tribunaux comp\u00e9tents de Paris.<\/p>\n\n\n\n<div style=\"height:44px\" aria-hidden=\"true\" class=\"wp-block-spacer\"><\/div>\n\n\n\n<p class=\"has-text-align-center\"><strong>Propri\u00e9taire de adeochrono.fr<\/strong><\/p>\n\n\n\n<p class=\"has-text-align-center\">ADEOCHRONO SAS &#8211; Siret: 893 062 968 00019<\/p>\n\n\n\n<p><\/p>\n","protected":false},"excerpt":{"rendered":"<p>Mentions l\u00e9gales Conditions g\u00e9n\u00e9rales d\u2019utilisation du site et des services propos\u00e9s Le site&nbsp;adeochrono.fr&nbsp;en accord avec les organisateurs a pour objet d&rsquo;annoncer et faire la promotion des manifestations \u00e0 venir, fournir &#8230;<\/p>\n","protected":false},"author":1,"featured_media":0,"parent":0,"menu_order":0,"comment_status":"closed","ping_status":"closed","template":"","meta":{"footnotes":""},"class_list":["post-932","page","type-page","status-publish","hentry"],"_links":{"self":[{"href":"https:\/\/adeochrono.fr\/index.php\/wp-json\/wp\/v2\/pages\/932","targetHints":{"allow":["GET"]}}],"collection":[{"href":"https:\/\/adeochrono.fr\/index.php\/wp-json\/wp\/v2\/pages"}],"about":[{"href":"https:\/\/adeochrono.fr\/index.php\/wp-json\/wp\/v2\/types\/page"}],"author":[{"embeddable":true,"href":"https:\/\/adeochrono.fr\/index.php\/wp-json\/wp\/v2\/users\/1"}],"replies":[{"embeddable":true,"href":"https:\/\/adeochrono.fr\/index.php\/wp-json\/wp\/v2\/comments?post=932"}],"version-history":[{"count":12,"href":"https:\/\/adeochrono.fr\/index.php\/wp-json\/wp\/v2\/pages\/932\/revisions"}],"predecessor-version":[{"id":5841,"href":"https:\/\/adeochrono.fr\/index.php\/wp-json\/wp\/v2\/pages\/932\/revisions\/5841"}],"wp:attachment":[{"href":"https:\/\/adeochrono.fr\/index.php\/wp-json\/wp\/v2\/media?parent=932"}],"curies":[{"name":"wp","href":"https:\/\/api.w.org\/{rel}","templated":true}]}}