{"id":83,"date":"2023-09-06T00:26:41","date_gmt":"2023-09-05T22:26:41","guid":{"rendered":"https:\/\/adeochrono.fr\/?page_id=83"},"modified":"2026-01-29T15:18:40","modified_gmt":"2026-01-29T14:18:40","slug":"trophees","status":"publish","type":"page","link":"https:\/\/adeochrono.fr\/index.php\/trophees\/","title":{"rendered":"R\u00e9compenses"},"content":{"rendered":"\n<p><\/p>\n\n\n\n<h2 class=\"wp-block-heading has-text-align-center has-vivid-red-color has-text-color has-medium-font-size\"><strong>30% de remise d\u00e8s 150\u20ac d&rsquo;achat de marchandises<\/strong><\/h2>\n\n\n\n<div style=\"height:28px\" aria-hidden=\"true\" class=\"wp-block-spacer\"><\/div>\n\n\n\n<div class=\"wp-block-columns alignfull has-text-color has-background is-layout-flex wp-container-core-columns-is-layout-9d6595d7 wp-block-columns-is-layout-flex\" style=\"color:#000000;background-color:#ffffff\">\n<div class=\"wp-block-column is-layout-flow wp-block-column-is-layout-flow\">\n<h3 class=\"wp-block-heading\" style=\"font-size:24px;line-height:1.3\"><strong><a href=\"http:\/\/wordpress.org\">Coupes<\/a><\/strong><\/h3>\n\n\n\n<ul class=\"wp-block-list\">\n<li>Promos et d\u00e9stockage<\/li>\n\n\n\n<li>Economique<\/li>\n\n\n\n<li>Laser<\/li>\n\n\n\n<li>Premium<\/li>\n\n\n\n<li>Classique<\/li>\n\n\n\n<li>Prestige<\/li>\n\n\n\n<li>Luxe<\/li>\n\n\n\n<li>Etiquettes<\/li>\n<\/ul>\n<\/div>\n\n\n\n<div class=\"wp-block-column is-layout-flow wp-block-column-is-layout-flow\">\n<h3 class=\"wp-block-heading\" style=\"font-size:24px;line-height:1.3\"><strong><a href=\"https:\/\/wordpress.org\">M\u00e9dailles<\/a><\/strong><\/h3>\n\n\n\n<ul class=\"wp-block-list\">\n<li>D\u00e9stockage<\/li>\n\n\n\n<li>Economique<\/li>\n\n\n\n<li>S\u00e9rie sport<\/li>\n\n\n\n<li>Classique \/ Sp\u00e9cial<\/li>\n\n\n\n<li>Pastilles<\/li>\n\n\n\n<li>Ecrins<\/li>\n\n\n\n<li>Porte-cl\u00e9s<\/li>\n\n\n\n<li>Rubans<\/li>\n\n\n\n<li>Etiquettes<\/li>\n<\/ul>\n<\/div>\n\n\n\n<div class=\"wp-block-column is-layout-flow wp-block-column-is-layout-flow\">\n<h3 class=\"wp-block-heading\" style=\"font-size:24px;line-height:1.3\"><strong><a href=\"https:\/\/wordpress.org\">Troph\u00e9es<\/a><\/strong><\/h3>\n\n\n\n<ul class=\"wp-block-list\">\n<li>Luxe<\/li>\n\n\n\n<li>Sculptures m\u00e9tal et c\u00e9ramique<\/li>\n\n\n\n<li>Sculptures r\u00e9sine<\/li>\n\n\n\n<li>Marquage laser<\/li>\n\n\n\n<li>Marquage couleur<\/li>\n\n\n\n<li>Porte applique<\/li>\n\n\n\n<li>Porte m\u00e9dailles<\/li>\n\n\n\n<li>Figurines<\/li>\n<\/ul>\n<\/div>\n<\/div>\n\n\n\n<div style=\"height:27px\" aria-hidden=\"true\" class=\"wp-block-spacer\"><\/div>\n\n\n\n<p class=\"has-text-align-center has-black-color has-text-color has-link-color has-medium-font-size wp-elements-59294baff3de364b4bd5e6b131094359\">Consulter et t\u00e9l\u00e9charger le catalogue : <a href=\"https:\/\/www.votresiteclub.com\/mag-fr2026\/\" data-type=\"link\" data-id=\"https:\/\/www.votresiteclub.com\/mag-fr2026\/\" target=\"_blank\" rel=\"noreferrer noopener\">ici<\/a><\/p>\n\n\n\n<div style=\"height:27px\" aria-hidden=\"true\" class=\"wp-block-spacer\"><\/div>\n\n\n\n<div class=\"wp-block-columns alignwide is-layout-flex wp-container-core-columns-is-layout-9d6595d7 wp-block-columns-is-layout-flex\">\n<div class=\"wp-block-column is-layout-flow wp-block-column-is-layout-flow\" style=\"flex-basis:33.34%\">\n<figure class=\"wp-block-image size-full is-resized\"><img loading=\"lazy\" decoding=\"async\" width=\"743\" height=\"679\" src=\"http:\/\/adeochrono.fr\/wp-content\/uploads\/2023\/09\/2022.-Graph-pour-Dossard-1.jpg\" alt=\"\" class=\"wp-image-106\" style=\"width:324px;height:296px\" srcset=\"https:\/\/adeochrono.fr\/wp-content\/uploads\/2023\/09\/2022.-Graph-pour-Dossard-1.jpg 743w, https:\/\/adeochrono.fr\/wp-content\/uploads\/2023\/09\/2022.-Graph-pour-Dossard-1-300x274.jpg 300w\" sizes=\"auto, (max-width: 743px) 100vw, 743px\" \/><\/figure>\n<\/div>\n\n\n\n<div class=\"wp-block-column is-layout-flow wp-block-column-is-layout-flow\" style=\"flex-basis:33.34%\">\n<figure class=\"wp-block-gallery aligncenter has-nested-images columns-default is-cropped wp-block-gallery-1 is-layout-flex wp-block-gallery-is-layout-flex\">\n<figure class=\"wp-block-image size-full is-style-default\"><a href=\"https:\/\/www.votresiteclub.com\/mag-fr2026\/\" target=\"_blank\" rel=\"noreferrer noopener\"><img loading=\"lazy\" decoding=\"async\" width=\"604\" height=\"768\" data-id=\"9041\" src=\"http:\/\/adeochrono.fr\/wp-content\/uploads\/2026\/01\/Capture-decran-catalogue-2026.jpg\" alt=\"\" class=\"wp-image-9041\" srcset=\"https:\/\/adeochrono.fr\/wp-content\/uploads\/2026\/01\/Capture-decran-catalogue-2026.jpg 604w, https:\/\/adeochrono.fr\/wp-content\/uploads\/2026\/01\/Capture-decran-catalogue-2026-236x300.jpg 236w\" sizes=\"auto, (max-width: 604px) 100vw, 604px\" \/><\/a><\/figure>\n<\/figure>\n<\/div>\n\n\n\n<div class=\"wp-block-column is-layout-flow wp-block-column-is-layout-flow\" style=\"flex-basis:33.33%\">\n<figure class=\"wp-block-image size-full is-resized is-style-default\"><img loading=\"lazy\" decoding=\"async\" width=\"743\" height=\"679\" src=\"http:\/\/adeochrono.fr\/wp-content\/uploads\/2023\/09\/2022.-Graph-pour-Dossard-1.jpg\" alt=\"\" class=\"wp-image-106\" style=\"object-fit:cover;width:324px;height:296px\" srcset=\"https:\/\/adeochrono.fr\/wp-content\/uploads\/2023\/09\/2022.-Graph-pour-Dossard-1.jpg 743w, https:\/\/adeochrono.fr\/wp-content\/uploads\/2023\/09\/2022.-Graph-pour-Dossard-1-300x274.jpg 300w\" sizes=\"auto, (max-width: 743px) 100vw, 743px\" \/><\/figure>\n<\/div>\n<\/div>\n\n\n\n<div style=\"height:28px\" aria-hidden=\"true\" class=\"wp-block-spacer\"><\/div>\n\n\n\n<p><\/p>\n\n\n\n<p><\/p>\n","protected":false},"excerpt":{"rendered":"<p>30% de remise d\u00e8s 150\u20ac d&rsquo;achat de marchandises Coupes M\u00e9dailles Troph\u00e9es Consulter et t\u00e9l\u00e9charger le catalogue : ici<\/p>\n","protected":false},"author":1,"featured_media":0,"parent":0,"menu_order":0,"comment_status":"closed","ping_status":"closed","template":"","meta":{"footnotes":""},"class_list":["post-83","page","type-page","status-publish","hentry"],"_links":{"self":[{"href":"https:\/\/adeochrono.fr\/index.php\/wp-json\/wp\/v2\/pages\/83","targetHints":{"allow":["GET"]}}],"collection":[{"href":"https:\/\/adeochrono.fr\/index.php\/wp-json\/wp\/v2\/pages"}],"about":[{"href":"https:\/\/adeochrono.fr\/index.php\/wp-json\/wp\/v2\/types\/page"}],"author":[{"embeddable":true,"href":"https:\/\/adeochrono.fr\/index.php\/wp-json\/wp\/v2\/users\/1"}],"replies":[{"embeddable":true,"href":"https:\/\/adeochrono.fr\/index.php\/wp-json\/wp\/v2\/comments?post=83"}],"version-history":[{"count":90,"href":"https:\/\/adeochrono.fr\/index.php\/wp-json\/wp\/v2\/pages\/83\/revisions"}],"predecessor-version":[{"id":9045,"href":"https:\/\/adeochrono.fr\/index.php\/wp-json\/wp\/v2\/pages\/83\/revisions\/9045"}],"wp:attachment":[{"href":"https:\/\/adeochrono.fr\/index.php\/wp-json\/wp\/v2\/media?parent=83"}],"curies":[{"name":"wp","href":"https:\/\/api.w.org\/{rel}","templated":true}]}}