{"id":7382,"date":"2025-06-18T18:12:49","date_gmt":"2025-06-18T16:12:49","guid":{"rendered":"https:\/\/adeochrono.fr\/?page_id=7382"},"modified":"2025-06-18T18:25:53","modified_gmt":"2025-06-18T16:25:53","slug":"2025-resultats-la-cavale-lhayssienne","status":"publish","type":"page","link":"https:\/\/adeochrono.fr\/index.php\/2025-resultats-la-cavale-lhayssienne\/","title":{"rendered":"2025. R\u00e9sultats. La Cavale l&rsquo;Ha\u00ffssienne"},"content":{"rendered":"\n<p><\/p>\n\n\n\n<h2 class=\"wp-block-heading\">La Cavale l&rsquo;Ha\u00ffssienne 2025<\/h2>\n\n\n\n<div style=\"height:52px\" aria-hidden=\"true\" class=\"wp-block-spacer\"><\/div>\n\n\n\n<p><a href=\"https:\/\/adeochrono.fr\/index.php\/2025-resultats-la-cavale-lhayssienne-5km\/\" data-type=\"link\" data-id=\"https:\/\/adeochrono.fr\/index.php\/2025-resultats-la-cavale-lhayssienne-5km\/\" target=\"_blank\" rel=\"noreferrer noopener\">5Km Classement G\u00e9n\u00e9ral<\/a><\/p>\n\n\n\n<p><a href=\"https:\/\/adeochrono.fr\/index.php\/2025-resultats-la-cavale-lhayssienne-5km-marche\/\" data-type=\"link\" data-id=\"https:\/\/adeochrono.fr\/index.php\/2025-resultats-la-cavale-lhayssienne-5km-marche\/\" target=\"_blank\" rel=\"noreferrer noopener\">5Km Marche Classement G\u00e9n\u00e9ral<\/a><\/p>\n\n\n\n<p><a href=\"https:\/\/adeochrono.fr\/index.php\/2025-resultats-la-cavale-lhayssienne-10km\/\" data-type=\"link\" data-id=\"https:\/\/adeochrono.fr\/index.php\/2025-resultats-la-cavale-lhayssienne-10km\/\" target=\"_blank\" rel=\"noreferrer noopener\">10Km Classement G\u00e9n\u00e9ral<\/a><\/p>\n\n\n\n<p><a href=\"https:\/\/adeochrono.fr\/index.php\/2025-resultats-la-cavale-lhayssienne-2km\/\" data-type=\"link\" data-id=\"https:\/\/adeochrono.fr\/index.php\/2025-resultats-la-cavale-lhayssienne-2km\/\" target=\"_blank\" rel=\"noreferrer noopener\">2Km Classement G\u00e9n\u00e9ral<\/a><\/p>\n\n\n\n<p><a href=\"https:\/\/adeochrono.fr\/index.php\/2025-resultats-la-cavale-lhayssienne-1-5km\/\" data-type=\"link\" data-id=\"https:\/\/adeochrono.fr\/index.php\/2025-resultats-la-cavale-lhayssienne-1-5km\/\" target=\"_blank\" rel=\"noreferrer noopener\">1Km500 Classement G\u00e9n\u00e9ral<\/a><\/p>\n\n\n\n<p><\/p>\n","protected":false},"excerpt":{"rendered":"<p>La Cavale l&rsquo;Ha\u00ffssienne 2025 5Km Classement G\u00e9n\u00e9ral 5Km Marche Classement G\u00e9n\u00e9ral 10Km Classement G\u00e9n\u00e9ral 2Km Classement G\u00e9n\u00e9ral 1Km500 Classement G\u00e9n\u00e9ral<\/p>\n","protected":false},"author":1,"featured_media":0,"parent":0,"menu_order":0,"comment_status":"closed","ping_status":"closed","template":"","meta":{"footnotes":""},"class_list":["post-7382","page","type-page","status-publish","hentry"],"_links":{"self":[{"href":"https:\/\/adeochrono.fr\/index.php\/wp-json\/wp\/v2\/pages\/7382","targetHints":{"allow":["GET"]}}],"collection":[{"href":"https:\/\/adeochrono.fr\/index.php\/wp-json\/wp\/v2\/pages"}],"about":[{"href":"https:\/\/adeochrono.fr\/index.php\/wp-json\/wp\/v2\/types\/page"}],"author":[{"embeddable":true,"href":"https:\/\/adeochrono.fr\/index.php\/wp-json\/wp\/v2\/users\/1"}],"replies":[{"embeddable":true,"href":"https:\/\/adeochrono.fr\/index.php\/wp-json\/wp\/v2\/comments?post=7382"}],"version-history":[{"count":5,"href":"https:\/\/adeochrono.fr\/index.php\/wp-json\/wp\/v2\/pages\/7382\/revisions"}],"predecessor-version":[{"id":7404,"href":"https:\/\/adeochrono.fr\/index.php\/wp-json\/wp\/v2\/pages\/7382\/revisions\/7404"}],"wp:attachment":[{"href":"https:\/\/adeochrono.fr\/index.php\/wp-json\/wp\/v2\/media?parent=7382"}],"curies":[{"name":"wp","href":"https:\/\/api.w.org\/{rel}","templated":true}]}}

2025. Résultats. La Cavale l&rsquo;Haÿssienne

<p></p>



<h2 class="wp-block-heading">La Cavale l&rsquo;Haÿssienne 2025</h2>



<div style="height:52px" aria-hidden="true" class="wp-block-spacer"></div>



<p><a href="https://adeochrono.fr/index.php/2025-resultats-la-cavale-lhayssienne-5km/" data-type="link" data-id="https://adeochrono.fr/index.php/2025-resultats-la-cavale-lhayssienne-5km/" target="_blank" rel="noreferrer noopener">5Km Classement Général</a></p>



<p><a href="https://adeochrono.fr/index.php/2025-resultats-la-cavale-lhayssienne-5km-marche/" data-type="link" data-id="https://adeochrono.fr/index.php/2025-resultats-la-cavale-lhayssienne-5km-marche/" target="_blank" rel="noreferrer noopener">5Km Marche Classement Général</a></p>



<p><a href="https://adeochrono.fr/index.php/2025-resultats-la-cavale-lhayssienne-10km/" data-type="link" data-id="https://adeochrono.fr/index.php/2025-resultats-la-cavale-lhayssienne-10km/" target="_blank" rel="noreferrer noopener">10Km Classement Général</a></p>



<p><a href="https://adeochrono.fr/index.php/2025-resultats-la-cavale-lhayssienne-2km/" data-type="link" data-id="https://adeochrono.fr/index.php/2025-resultats-la-cavale-lhayssienne-2km/" target="_blank" rel="noreferrer noopener">2Km Classement Général</a></p>



<p><a href="https://adeochrono.fr/index.php/2025-resultats-la-cavale-lhayssienne-1-5km/" data-type="link" data-id="https://adeochrono.fr/index.php/2025-resultats-la-cavale-lhayssienne-1-5km/" target="_blank" rel="noreferrer noopener">1Km500 Classement Général</a></p>



<p></p>

<p>La Cavale l&rsquo;Haÿssienne 2025 5Km Classement Général 5Km Marche Classement Général 10Km Classement Général 2Km Classement Général 1Km500 Classement Général</p>
