{"id":5084,"date":"2024-12-05T22:48:45","date_gmt":"2024-12-05T21:48:45","guid":{"rendered":"https:\/\/adeochrono.fr\/?page_id=5084"},"modified":"2024-12-05T23:08:38","modified_gmt":"2024-12-05T22:08:38","slug":"2024-resultats-cross-unss-academie-creteil","status":"publish","type":"page","link":"https:\/\/adeochrono.fr\/index.php\/2024-resultats-cross-unss-academie-creteil\/","title":{"rendered":"2024. R\u00e9sultats. Cross UNSS Acad\u00e9mie Cr\u00e9teil"},"content":{"rendered":"\n<h2 class=\"wp-block-heading\">Cross UNSS Acad\u00e9mie de Cr\u00e9teil<\/h2>\n\n\n\n<div style=\"height:54px\" aria-hidden=\"true\" class=\"wp-block-spacer\"><\/div>\n\n\n\n<p><a href=\"https:\/\/adeochrono.fr\/index.php\/2024-unss-academie-creteil-benjamines\/\" data-type=\"link\" data-id=\"https:\/\/adeochrono.fr\/index.php\/2024-unss-academie-creteil-benjamines\/\" target=\"_blank\" rel=\"noreferrer noopener\">Classement Benjamines<\/a><\/p>\n\n\n\n<p><a href=\"https:\/\/adeochrono.fr\/index.php\/2024-unss-academie-creteil-benjamins\/\" data-type=\"link\" data-id=\"https:\/\/adeochrono.fr\/index.php\/2024-unss-academie-creteil-benjamins\/\" target=\"_blank\" rel=\"noreferrer noopener\">Classement Benjamins<\/a><\/p>\n\n\n\n<p><a href=\"https:\/\/adeochrono.fr\/index.php\/2024-unss-academie-creteil-minimes-filles\/\" data-type=\"link\" data-id=\"https:\/\/adeochrono.fr\/index.php\/2024-unss-academie-creteil-minimes-filles\/\" target=\"_blank\" rel=\"noreferrer noopener\">Classement Minimes Filles<\/a><\/p>\n\n\n\n<p><a href=\"https:\/\/adeochrono.fr\/index.php\/2024-unss-academie-creteil-minimes-garcons\/\" data-type=\"link\" data-id=\"https:\/\/adeochrono.fr\/index.php\/2024-unss-academie-creteil-minimes-garcons\/\" target=\"_blank\" rel=\"noreferrer noopener\">Classement Minimes Gar\u00e7ons<\/a><\/p>\n\n\n\n<p><a href=\"https:\/\/adeochrono.fr\/index.php\/2024-unss-academie-creteil-lycee-filles\/\" data-type=\"link\" data-id=\"https:\/\/adeochrono.fr\/index.php\/2024-unss-academie-creteil-lycee-filles\/\" target=\"_blank\" rel=\"noreferrer noopener\">Classement Lyc\u00e9e Filles<\/a><\/p>\n\n\n\n<p><a href=\"https:\/\/adeochrono.fr\/index.php\/2024-unss-academie-creteil-sport-partage\/\" data-type=\"link\" data-id=\"https:\/\/adeochrono.fr\/index.php\/2024-unss-academie-creteil-sport-partage\/\" target=\"_blank\" rel=\"noreferrer noopener\">Classement Sport Partag\u00e9<\/a><\/p>\n\n\n\n<p><a href=\"https:\/\/adeochrono.fr\/index.php\/2024-unss-academie-creteil-lycee-garcons\/\" data-type=\"link\" data-id=\"https:\/\/adeochrono.fr\/index.php\/2024-unss-academie-creteil-lycee-garcons\/\" target=\"_blank\" rel=\"noreferrer noopener\">Classement Lyc\u00e9e Gar\u00e7ons<\/a><\/p>\n\n\n\n<div style=\"height:54px\" aria-hidden=\"true\" class=\"wp-block-spacer\"><\/div>\n","protected":false},"excerpt":{"rendered":"<p>Cross UNSS Acad\u00e9mie de Cr\u00e9teil Classement Benjamines Classement Benjamins Classement Minimes Filles Classement Minimes Gar\u00e7ons Classement Lyc\u00e9e Filles Classement Sport Partag\u00e9 Classement Lyc\u00e9e Gar\u00e7ons<\/p>\n","protected":false},"author":1,"featured_media":0,"parent":0,"menu_order":0,"comment_status":"closed","ping_status":"closed","template":"","meta":{"footnotes":""},"class_list":["post-5084","page","type-page","status-publish","hentry"],"_links":{"self":[{"href":"https:\/\/adeochrono.fr\/index.php\/wp-json\/wp\/v2\/pages\/5084","targetHints":{"allow":["GET"]}}],"collection":[{"href":"https:\/\/adeochrono.fr\/index.php\/wp-json\/wp\/v2\/pages"}],"about":[{"href":"https:\/\/adeochrono.fr\/index.php\/wp-json\/wp\/v2\/types\/page"}],"author":[{"embeddable":true,"href":"https:\/\/adeochrono.fr\/index.php\/wp-json\/wp\/v2\/users\/1"}],"replies":[{"embeddable":true,"href":"https:\/\/adeochrono.fr\/index.php\/wp-json\/wp\/v2\/comments?post=5084"}],"version-history":[{"count":7,"href":"https:\/\/adeochrono.fr\/index.php\/wp-json\/wp\/v2\/pages\/5084\/revisions"}],"predecessor-version":[{"id":5113,"href":"https:\/\/adeochrono.fr\/index.php\/wp-json\/wp\/v2\/pages\/5084\/revisions\/5113"}],"wp:attachment":[{"href":"https:\/\/adeochrono.fr\/index.php\/wp-json\/wp\/v2\/media?parent=5084"}],"curies":[{"name":"wp","href":"https:\/\/api.w.org\/{rel}","templated":true}]}}