{"id":2049,"date":"2024-03-11T14:13:10","date_gmt":"2024-03-11T13:13:10","guid":{"rendered":"https:\/\/adeochrono.fr\/?page_id=2049"},"modified":"2024-03-11T15:01:59","modified_gmt":"2024-03-11T14:01:59","slug":"2024-presentation-les-foulees-milonaises","status":"publish","type":"page","link":"https:\/\/adeochrono.fr\/index.php\/2024-presentation-les-foulees-milonaises\/","title":{"rendered":"2024- Pr\u00e9sentation Les Foul\u00e9es Milonaises"},"content":{"rendered":"\n<p><\/p>\n\n\n\n<h2 class=\"wp-block-heading has-text-align-center has-text-color has-link-color wp-elements-c9c6058368fd081d8cee820f5b03d4d3\" style=\"color:#1e7f92\">Les Foul\u00e9es Milonaises<\/h2>\n\n\n\n<div style=\"height:46px\" aria-hidden=\"true\" class=\"wp-block-spacer\"><\/div>\n\n\n\n<div class=\"wp-block-buttons is-content-justification-center is-layout-flex wp-container-core-buttons-is-layout-16018d1d wp-block-buttons-is-layout-flex\">\n<div class=\"wp-block-button\"><a class=\"wp-block-button__link has-text-color has-link-color wp-element-button\" href=\"https:\/\/les-foulees-milonaises.adeorun.com\/inscription\" style=\"color:#1e7f92\" target=\"_blank\" rel=\"noreferrer noopener\">Inscriptions<\/a><\/div>\n\n\n\n<div class=\"wp-block-button\"><a class=\"wp-block-button__link has-text-color has-link-color wp-element-button\" href=\"http:\/\/adeochrono.fr\/wp-content\/uploads\/2024\/03\/Reglement-Les-Foulees-Milonaises.pdf\" style=\"color:#1e7f92\" target=\"_blank\" rel=\"noreferrer noopener\">R\u00e8glement<\/a><\/div>\n<\/div>\n\n\n<div class=\"hurrytimer-cdt hurrytimer-cdt--2053 hurrytimer-campaign hurryt-loading hurrytimer-campaign-2053\" data-config=\"{&quot;id&quot;:2053,&quot;run_in_background&quot;:false,&quot;sticky&quot;:false,&quot;product_ids&quot;:[],&quot;actions&quot;:[{&quot;id&quot;:1,&quot;redirectUrl&quot;:&quot;&quot;,&quot;message&quot;:&quot;&quot;,&quot;coupon&quot;:&quot;&quot;,&quot;wcStockStatus&quot;:&quot;instock&quot;}],&quot;template&quot;:&quot;&lt;div class=\\&quot;hurrytimer-timer-block hurrytimer-cdt__dur\\&quot;&gt;&lt;div class=\\&quot;hurrytimer-timer-digit hurrytimer-cdt__time\\&quot;&gt;%m&lt;\\\/div&gt;&lt;div class=\\&quot;hurrytimer-timer-label hurrytimer-cdt__label\\&quot; &gt;Mois&lt;\\\/div&gt;&lt;\\\/div&gt;&lt;div class=\\&quot;hurrytimer-cdt__sep hurrytimer-timer-sep\\&quot;&gt;:&lt;\\\/div&gt;&lt;div class=\\&quot;hurrytimer-timer-block hurrytimer-cdt__dur\\&quot;&gt;&lt;div class=\\&quot;hurrytimer-timer-digit hurrytimer-cdt__time\\&quot;&gt;%n&lt;\\\/div&gt;&lt;div class=\\&quot;hurrytimer-timer-label hurrytimer-cdt__label\\&quot; &gt;Jours&lt;\\\/div&gt;&lt;\\\/div&gt;&lt;div class=\\&quot;hurrytimer-cdt__sep hurrytimer-timer-sep\\&quot;&gt;:&lt;\\\/div&gt;&lt;div class=\\&quot;hurrytimer-timer-block hurrytimer-cdt__dur\\&quot;&gt;&lt;div class=\\&quot;hurrytimer-timer-digit hurrytimer-cdt__time\\&quot;&gt;%H&lt;\\\/div&gt;&lt;div class=\\&quot;hurrytimer-timer-label hurrytimer-cdt__label\\&quot; &gt;H&lt;\\\/div&gt;&lt;\\\/div&gt;&lt;div class=\\&quot;hurrytimer-cdt__sep hurrytimer-timer-sep\\&quot;&gt;:&lt;\\\/div&gt;&lt;div class=\\&quot;hurrytimer-timer-block hurrytimer-cdt__dur\\&quot;&gt;&lt;div class=\\&quot;hurrytimer-timer-digit hurrytimer-cdt__time\\&quot;&gt;%M&lt;\\\/div&gt;&lt;div class=\\&quot;hurrytimer-timer-label hurrytimer-cdt__label\\&quot; &gt;M&lt;\\\/div&gt;&lt;\\\/div&gt;&lt;div class=\\&quot;hurrytimer-cdt__sep hurrytimer-timer-sep\\&quot;&gt;:&lt;\\\/div&gt;&lt;div class=\\&quot;hurrytimer-timer-block hurrytimer-cdt__dur\\&quot;&gt;&lt;div class=\\&quot;hurrytimer-timer-digit hurrytimer-cdt__time\\&quot;&gt;%S&lt;\\\/div&gt;&lt;div class=\\&quot;hurrytimer-timer-label hurrytimer-cdt__label\\&quot; &gt;S&lt;\\\/div&gt;&lt;\\\/div&gt;&quot;,&quot;methods&quot;:[1,2],&quot;mode&quot;:&quot;one_time&quot;,&quot;sticky_bar_hide_timeout&quot;:7,&quot;recurr&quot;:false,&quot;timeToNextRecurrence&quot;:0,&quot;isRegular&quot;:true,&quot;endDate&quot;:1715983140000}\" ><div class=\"hurrytimer-cdt__headline hurrytimer-headline\">Fin des inscriptions dans<\/div><div class=\"hurrytimer-cdt__inner hurrytimer-timer\"><\/div><\/div>\n\n\n\n<div style=\"height:46px\" aria-hidden=\"true\" class=\"wp-block-spacer\"><\/div>\n\n\n\n<p class=\"has-text-align-center has-text-color has-link-color has-medium-font-size wp-elements-294506d6dc3be1748c7b8f4cc7cca80b\" style=\"color:#1e7f92\"><strong>L\u2019association Les Foul\u00e9es Milonaises en partenariat avec TOP Oxyg\u00e8ne organisent le dimanche 26 mai 2024<\/strong><\/p>\n\n\n\n<div style=\"height:46px\" aria-hidden=\"true\" class=\"wp-block-spacer\"><\/div>\n\n\n\n<p class=\"has-text-align-center has-text-color has-link-color wp-elements-ae668cefeb666f870cf7e3f2b2f6381a\" style=\"color:#1e7f92\"><strong>3 courses dans un cadre historique autour de la Fert\u00e9-Milon, dans la for\u00eat de Retz et le long du canal de l\u2019Ourcq<\/strong><\/p>\n\n\n\n<div style=\"height:46px\" aria-hidden=\"true\" class=\"wp-block-spacer\"><\/div>\n\n\n\n<p class=\"has-text-align-center has-text-color has-link-color wp-elements-194a82fa28dcf234f66519646867f279\" style=\"color:#1e7f92\"><strong>3 formats en solo ou en bin\u00f4me \/ Tarifs<\/strong> <strong>et horaires :<\/strong><\/p>\n\n\n\n<ul class=\"wp-block-list\">\n<li>9h30 : Un trail de 22 km, <strong><u>le TOP FERTE :<\/u>  20\u20ac en solo \/ 40\u20ac en bin\u00f4me<\/strong><\/li>\n<\/ul>\n\n\n\n<ul class=\"wp-block-list\">\n<li>10h30 : Un trail de 11 km, <strong><u>le HALF TOP :<\/u> 10\u20ac<\/strong> <strong>en solo \/ 20\u20ac en bin\u00f4me<\/strong><\/li>\n<\/ul>\n\n\n\n<ul class=\"wp-block-list\">\n<li>10h45 : Un Run &amp; Bike de 11km (VTT),  <strong><u>le HALF TOP Run&amp;Bike :<\/u><\/strong> <strong>20\u20ac par bin\u00f4me<\/strong><\/li>\n<\/ul>\n\n\n\n<div style=\"height:46px\" aria-hidden=\"true\" class=\"wp-block-spacer\"><\/div>\n\n\n<div class=\"wp-block-image\">\n<figure class=\"aligncenter size-full\"><img loading=\"lazy\" decoding=\"async\" width=\"1241\" height=\"1755\" src=\"http:\/\/adeochrono.fr\/wp-content\/uploads\/2024\/03\/Flyer-Les-Foulees-Milonaises-V2-courses-TOP-1_page-0001.jpg\" alt=\"\" class=\"wp-image-2050\" srcset=\"https:\/\/adeochrono.fr\/wp-content\/uploads\/2024\/03\/Flyer-Les-Foulees-Milonaises-V2-courses-TOP-1_page-0001.jpg 1241w, https:\/\/adeochrono.fr\/wp-content\/uploads\/2024\/03\/Flyer-Les-Foulees-Milonaises-V2-courses-TOP-1_page-0001-212x300.jpg 212w, https:\/\/adeochrono.fr\/wp-content\/uploads\/2024\/03\/Flyer-Les-Foulees-Milonaises-V2-courses-TOP-1_page-0001-724x1024.jpg 724w, https:\/\/adeochrono.fr\/wp-content\/uploads\/2024\/03\/Flyer-Les-Foulees-Milonaises-V2-courses-TOP-1_page-0001-768x1086.jpg 768w, https:\/\/adeochrono.fr\/wp-content\/uploads\/2024\/03\/Flyer-Les-Foulees-Milonaises-V2-courses-TOP-1_page-0001-1086x1536.jpg 1086w\" sizes=\"auto, (max-width: 1241px) 100vw, 1241px\" \/><\/figure>\n<\/div>","protected":false},"excerpt":{"rendered":"<p>Les Foul\u00e9es Milonaises L\u2019association Les Foul\u00e9es Milonaises en partenariat avec TOP Oxyg\u00e8ne organisent le dimanche 26 mai 2024 3 courses dans un cadre historique autour de la Fert\u00e9-Milon, dans la &#8230;<\/p>\n","protected":false},"author":1,"featured_media":0,"parent":0,"menu_order":0,"comment_status":"closed","ping_status":"closed","template":"","meta":{"footnotes":""},"class_list":["post-2049","page","type-page","status-publish","hentry"],"_links":{"self":[{"href":"https:\/\/adeochrono.fr\/index.php\/wp-json\/wp\/v2\/pages\/2049","targetHints":{"allow":["GET"]}}],"collection":[{"href":"https:\/\/adeochrono.fr\/index.php\/wp-json\/wp\/v2\/pages"}],"about":[{"href":"https:\/\/adeochrono.fr\/index.php\/wp-json\/wp\/v2\/types\/page"}],"author":[{"embeddable":true,"href":"https:\/\/adeochrono.fr\/index.php\/wp-json\/wp\/v2\/users\/1"}],"replies":[{"embeddable":true,"href":"https:\/\/adeochrono.fr\/index.php\/wp-json\/wp\/v2\/comments?post=2049"}],"version-history":[{"count":8,"href":"https:\/\/adeochrono.fr\/index.php\/wp-json\/wp\/v2\/pages\/2049\/revisions"}],"predecessor-version":[{"id":2062,"href":"https:\/\/adeochrono.fr\/index.php\/wp-json\/wp\/v2\/pages\/2049\/revisions\/2062"}],"wp:attachment":[{"href":"https:\/\/adeochrono.fr\/index.php\/wp-json\/wp\/v2\/media?parent=2049"}],"curies":[{"name":"wp","href":"https:\/\/api.w.org\/{rel}","templated":true}]}}